alse
Is 21600092207 composite?
True
Is 17437305101 a composite number?
False
Is 57912573314 a composite number?
True
Is 48221855439 a composite number?
True
Is 7679064353 prime?
False
Is 8927273401 prime?
True
Is 8316964463 prime?
True
Is 17117483941 a composite number?
False
Is 5676587651 a composite number?
True
Is 63395444533 composite?
False
Is 37719623731 prime?
False
Is 1309257393 a prime number?
False
Is 238386037 prime?
True
Is 148637347059 prime?
False
Is 131579239681 composite?
False
Is 373415162 a composite number?
True
Is 849243371 composite?
False
Is 7768828631 composite?
False
Is 5701750055 prime?
False
Is 6849412157 prime?
False
Is 2142142451 a prime number?
True
Is 5565996829 prime?
True
Is 958313327 a prime number?
False
Is 1004649461 a prime number?
True
Is 1223736949 composite?
True
Is 19330077059 a prime number?
False
Is 376199489 prime?
True
Is 154928073931 a prime number?
True
Is 27392936761 composite?
False
Is 12470740187 a prime number?
True
Is 856372261 a prime number?
False
Is 94348709953 a composite number?
True
Is 1017212137 composite?
True
Is 62260532683 a prime number?
False
Is 48029657369 prime?
True
Is 137247875749 a prime number?
True
Is 1178821151 a prime number?
False
Is 212520640063 a composite number?
False
Is 16998863411 a composite number?
True
Is 143987626 a prime number?
False
Is 6105077137 composite?
True
Is 3156103399 a composite number?
False
Is 139923683 a prime number?
False
Is 733263799 composite?
True
Is 16773386173 a composite number?
False
Is 37943683619 prime?
True
Is 161836439 a composite number?
False
Is 8339550187 a prime number?
True
Is 1737785503 a prime number?
True
Is 630357017 a composite number?
True
Is 14822291053 a composite number?
False
Is 2865814883 prime?
True
Is 3866597323 prime?
False
Is 11998089179 composite?
True
Is 112588709 a prime number?
True
Is 1543481483 prime?
False
Is 195037208407 prime?
True
Is 6272633467 a prime number?
True
Is 783325903 composite?
True
Is 77464334873 a composite number?
False
Is 4971701087 a prime number?
True
Is 40448539 composite?
False
Is 1340519027 a composite number?
True
Is 117714724001 a prime number?
False
Is 2006499421 a prime number?
True
Is 3149960813 a composite number?
False
Is 2935803055 a composite number?
True
Is 1171590779 a composite number?
False
Is 19641668087 a prime number?
False
Is 4138483631 composite?
True
Is 55087519 composite?
False
Is 765273599 prime?
False
Is 3635775307 composite?
False
Is 31104634901 a composite number?
False
Is 1909735507 a composite number?
False
Is 70759309235 a composite number?
True
Is 189745093 a prime number?
False
Is 510688487 composite?
False
Is 34943443861 a composite number?
False
Is 4713397649 a prime number?
True
Is 56732444749 composite?
True
Is 1045332763 a prime number?
True
Is 996221795 a prime number?
False
Is 1101130202 composite?
True
Is 34323106 a prime number?
False
Is 760230719 prime?
False
Is 2705294051 a composite number?
True
Is 33975596327 a prime number?
False
Is 39488663 a prime number?
False
Is 6676112831 a composite number?
True
Is 2602169023 prime?
False
Is 459406369 a composite number?
True
Is 5194500251 a prime number?
False
Is 2863702162 prime?
False
Is 167833805387 a prime number?
True
Is 11851997 a prime number?
True
Is 9670400213 a composite number?
False
Is 2883732113 a prime number?
False
Is 83975566457 a composite number?
False
Is 1413187513 prime?
False
Is 18414524327 a composite number?
False
Is 20270490781 a composite number?
False
Is 44705685949 prime?
True
Is 40599435367 a composite number?
True
Is 39376170763 a composite number?
True
Is 7785234731 a prime number?
False
Is 3561257929 prime?
True
Is 3770671243 a composite number?
False
Is 2209569421 prime?
False
Is 61588107571 composite?
False
Is 1120418233 a prime number?
False
Is 30418430897 prime?
True
Is 806607883 a composite number?
True
Is 499690901 a prime number?
True
Is 9376244197 composite?
False
Is 88648361 a prime number?
False
Is 56316542195 prime?
False
Is 82574045 prime?
False
Is 1664846539 a prime number?
False
Is 48813095 a prime number?
False
Is 54380115761 a composite number?
True
Is 1079312761 composite?
False
Is 15107347 prime?
False
Is 3546665437 composite?
True
Is 1482116341 a composite number?
True
Is 1326826763 prime?
False
Is 5534862793 a prime number?
True
Is 35037475223 a composite number?
True
Is 13887719 a composite number?
False
Is 155632427 prime?
True
Is 2964303571 prime?
False
Is 31235219471 a prime number?
True
Is 2033790553 a composite number?
True
Is 504635359 prime?
True
Is 20845397942 a composite number?
True
Is 24090616457 a prime number?
True
Is 2864710757 a composite number?
False
Is 1342949623 a composite number?
False
Is 63713020841 composite?
False
Is 105450223969 composite?
False
Is 2912820347 a prime number?
False
Is 44095462939 a prime number?
False
Is 23570652641 composite?
False
Is 164425074413 prime?
True
Is 9683846453 prime?
True
Is 6677709085 prime?
False
Is 87295829993 composite?
False
Is 1264399397 prime?
True
Is 5138633551 composite?
True
Is 1168365251 a prime number?
False
Is 1564321631 composite?
True
Is 1809440593 a composite number?
False
Is 5013869233 a prime number?
True
Is 2507655643 composite?
True
Is 2818620289 a prime number?
True
Is 60867291313 a composite number?
True
Is 2899581753 a prime number?
False
Is 55450267501 composite?
False
Is 2867743927 prime?
True
Is 17945092967 a composite number?
False
Is 6736138847 a composite number?
False
Is 90881580857 a composite number?
True
Is 2686741451 a prime number?
True
Is 3869919293 a prime number?
True
Is 78894671719 composite?
False
Is 8991093623 composite?
False
Is 868149071 composite?
False
Is 193418927093 composite?
True
Is 267945248537 prime?
False
Is 66666553469 a composite number?
True
Is 66564962267 prime?
True
Is 131030210269 a prime number?
False
Is 1243984933 a prime number?
True
Is 15151074641 composite?
False
Is 3472983757 composite?
True
Is 355474753 prime?
False
Is 450433381 a composite number?
False
Is 1002385871 composite?
False
Is 14040593141 a prime number?
True
Is 3454471807 a composite number?
True
Is 57095067661 a prime number?
True
Is 9660744287 a prime number?
True
Is 35531011 a composite number?
False
Is 5604345139 prime?
True
Is 13529566979 composite?
True
Is 39246787 composite?
False
Is 6385791439 a composite number?
False
Is 44547822107 composite?
False
Is 63354230633 a composite number?
True
Is 6921157 a composite number?
False
Is 8215516493 prime?
True
Is 9680546443 composite?
False
Is 3962477273 composite?
True
Is 3762699733 prime?
False
Is 945555301 a prime number?
True
Is 102926869 prime?
False
Is 441577121 prime?
True
Is 71949591067 composite?
True
Is 2116274941 a prime number?
False
Is 1105700641 a prime number?
True
Is 109920746903 a prime number?
False
Is 427569971 a composite number?
False
Is 1214282441 a prime number?
True
Is 205379047 composite?
False
Is 4316866651 composite?
False
Is 1756007837 a prime number?
False
Is 972585583 composite?
False
Is 1093377793 prime?
False
Is 61006677701 prime?
True
Is 7165401167 a prime number?
False
Is 7104952703 composite?
True
Is 4120935653 composite?
True
Is 6091928261 a composite number?
False
Is 10285880897 composite?
True
Is 144087577 composite?
True
Is 45726716047 a composite number?
True
Is 51956290739 prime?
True
Is 293492209937 composite?
False
Is 45368453057 a prime number?
True
Is 30063327769 a prime number?
False
Is 8832007277 composite?
True
Is 163175267 a composite number?
False
Is 34289612311 a prime number?
True
Is 100336741801 a prime number?
True
Is 2625932641 composite?
True
Is 345494771 a prime number?
True
Is 98098328522 a composite number?
True
Is 41562334841 prime?
False
Is 39781960069 composite?
True
Is 3720556733 prime?
False
Is 92290512641 a composite number?
True
Is 36421579343 prime?
False
Is 138873510701 prime?
True
Is 35790314057 a prime number?
False
Is 3782246971 a prime number?
False
Is 11641496407 a composite number?
True
Is 1482870119 a prime number?
True
Is 11610468647 prime?
False
Is 1787496629 a composite number?
False
Is 44532816943 composite?
False
Is 247161689 a prime number?
True
Is 377067277 a prime number?
False
Is 164506680341 a prime number?
True
Is 1160017919 a prime n